{"id":433,"date":"2026-03-04T23:17:06","date_gmt":"2026-03-04T23:17:06","guid":{"rendered":"https:\/\/falakcosmetic.tn\/?post_type=product&#038;p=433"},"modified":"2026-03-04T23:26:25","modified_gmt":"2026-03-04T23:26:25","slug":"anti-poux-bye-bye-kamla","status":"publish","type":"product","link":"https:\/\/falakcosmetic.tn\/index.php\/produit\/anti-poux-bye-bye-kamla\/","title":{"rendered":"Anti Poux ( Bye Bye Kamla )"},"content":{"rendered":"<p><strong>Les poux,<\/strong>\u00a0ces minuscules parasites qui infestent nos t\u00eates et provoquent des d\u00e9mangeaisons et de l&rsquo;inconfort, sont un probl\u00e8me bien connu dans des nombreuses familles. Lutter contre ces ind\u00e9sirables peut \u00eatre une t\u00e2che difficile, en particulier si vous avez des enfants \u00e0 la maison. Heureusement,\u00a0<strong>FALAK\u00a0<\/strong>vous propose la solution parfaite :\u00a0<strong>Bye Bye KAMLA<\/strong>, un traitement\u00a0<strong>anti-poux<\/strong>\u00a0naturel qui \u00e9limine ces nuisibles de mani\u00e8re efficace tout en pr\u00e9servant la sant\u00e9 de vos cheveux.<\/p>\n<h2>Les Poux :<\/h2>\n<p><strong>Les poux<\/strong>, \u00e9galement connus sous le nom scientifique de\u00a0<strong>Pediculus humanus capitis<\/strong>, sont de petits insectes qui se nourrissent du sang du cuir chevelu humain. Ils se propagent rapidement, en particulier dans les environnements o\u00f9 les gens se regroupent \u00e9troitement, comme les \u00e9coles et les garderies.\u00a0<strong>Les poux<\/strong>\u00a0provoquent des d\u00e9mangeaisons, de l&rsquo;irritation et peuvent causer des probl\u00e8mes de sommeil chez les enfants.<\/p>\n<p><img decoding=\"async\" src=\"https:\/\/cdn.youcan.shop\/stores\/a9020159b43b972ec9fd73bd980cceee\/others\/5oeLOo3Qe51yQqEUyLhj66N2SPJPYGFT2K7wMDnA.jpeg\" \/><\/p>\n<p>Les produits chimiques couramment utilis\u00e9s pour lutter contre\u00a0<strong>les poux<\/strong>\u00a0peuvent \u00eatre nocifs pour la sant\u00e9, en particulier pour les enfants. C&rsquo;est l\u00e0 que\u00a0<strong>B<\/strong><strong>ye Bye Kamla<\/strong>\u00a0intervient en tant que solution naturelle et s\u00e9curitaire.<\/p>\n<h2>Bye Bye KAMLA (anti poux) : La Solution Naturelle<\/h2>\n<p>Notre produit,\u00a0<strong>Bye Bye KAMLA<\/strong>, est compos\u00e9 \u00e0 100 % d&rsquo;huiles v\u00e9g\u00e9tales et d&rsquo;huiles essentielles soigneusement s\u00e9lectionn\u00e9es. Cela signifie qu&rsquo;il est doux pour vos cheveux tout en \u00e9tant redoutable pour<strong>\u00a0les poux<\/strong>.\u00a0<strong>Bye Bye KAMLA<\/strong>\u00a0ne contient aucun produit chimique nocif, ce qui le rend parfaitement s\u00fbr pour une utilisation par toute la famille.<\/p>\n<p><img fetchpriority=\"high\" decoding=\"async\" class=\"aligncenter\" src=\"https:\/\/cdn.youcan.shop\/stores\/a9020159b43b972ec9fd73bd980cceee\/others\/SuOgEMVuitDgZ83aGKfOSAUDoUckf3OlY753RNxR.jpeg\" alt=\"\" width=\"677\" height=\"435\" \/><\/p>\n<p><strong>Il est important de noter que Bye Bye KAMLA ne doit pas \u00eatre utilis\u00e9 par des enfants de moins de 3 ans<\/strong>. Assurez-vous de respecter cette recommandation pour garantir la s\u00e9curit\u00e9 de vos tout-petits.<\/p>\n<h2>Comment Utiliser Bye Bye KAMLA<\/h2>\n<ol>\n<li>&#8211; Appliquez le produit sur des cheveux secs de mani\u00e8re \u00e0 obtenir une impr\u00e9gnation compl\u00e8te. Assurez-vous de couvrir soigneusement tout le cuir chevelu et les cheveux.<\/li>\n<li>&#8211; Laissez le produit agir pendant 24 heures.<\/li>\n<li>&#8211; Lavez les cheveux avec votre shampooing habituel pour \u00e9liminer le produit.<\/li>\n<li>&#8211; Passez soigneusement le peigne \u00e0 poux pour retirer les lentes, les larves et les poux morts.<\/li>\n<li>&#8211; R\u00e9appliquez\u00a0<strong>Bye Bye Kamla<\/strong>\u00a0si n\u00e9cessaire, 3 jours plus tard. La quantit\u00e9 d&rsquo;application peut varier en fonction de la longueur des cheveux.<\/li>\n<\/ol>\n<h2><\/h2>\n<p><strong>Les poux<\/strong>\u00a0peuvent \u00eatre un v\u00e9ritable cauchemar, mais avec\u00a0<strong>Bye Bye Kamla<\/strong>\u00a0de la marque\u00a0<strong>FALAK,\u00a0<\/strong>vous pouvez dire adieu \u00e0 ces parasites de mani\u00e8re naturelle et s\u00e9curitaire.<\/p>\n<p>Ne laissez pas les poux perturber votre vie quotidienne. Essayez\u00a0<strong>Bye Bye Kamla<\/strong>\u00a0et dites adieu\u00a0<strong>aux poux<\/strong>\u00a0de mani\u00e8re naturelle. Vos cheveux vous en seront reconnaissants, et vous aussi !<\/p>\n","protected":false},"excerpt":{"rendered":"<p>Les poux,\u00a0ces minuscules parasites qui infestent nos t\u00eates et provoquent des d\u00e9mangeaisons et de l&rsquo;inconfort, sont un probl\u00e8me bien connu&hellip;<\/p>\n","protected":false},"featured_media":434,"comment_status":"open","ping_status":"closed","template":"","meta":[],"product_brand":[],"product_cat":[32],"product_tag":[],"class_list":{"0":"post-433","1":"product","2":"type-product","3":"status-publish","4":"has-post-thumbnail","6":"product_cat-soins-capillaires","8":"first","9":"instock","10":"sale","11":"featured","12":"shipping-taxable","13":"purchasable","14":"product-type-simple"},"_links":{"self":[{"href":"https:\/\/falakcosmetic.tn\/index.php\/wp-json\/wp\/v2\/product\/433","targetHints":{"allow":["GET"]}}],"collection":[{"href":"https:\/\/falakcosmetic.tn\/index.php\/wp-json\/wp\/v2\/product"}],"about":[{"href":"https:\/\/falakcosmetic.tn\/index.php\/wp-json\/wp\/v2\/types\/product"}],"replies":[{"embeddable":true,"href":"https:\/\/falakcosmetic.tn\/index.php\/wp-json\/wp\/v2\/comments?post=433"}],"wp:featuredmedia":[{"embeddable":true,"href":"https:\/\/falakcosmetic.tn\/index.php\/wp-json\/wp\/v2\/media\/434"}],"wp:attachment":[{"href":"https:\/\/falakcosmetic.tn\/index.php\/wp-json\/wp\/v2\/media?parent=433"}],"wp:term":[{"taxonomy":"product_brand","embeddable":true,"href":"https:\/\/falakcosmetic.tn\/index.php\/wp-json\/wp\/v2\/product_brand?post=433"},{"taxonomy":"product_cat","embeddable":true,"href":"https:\/\/falakcosmetic.tn\/index.php\/wp-json\/wp\/v2\/product_cat?post=433"},{"taxonomy":"product_tag","embeddable":true,"href":"https:\/\/falakcosmetic.tn\/index.php\/wp-json\/wp\/v2\/product_tag?post=433"}],"curies":[{"name":"wp","href":"https:\/\/api.w.org\/{rel}","templated":true}]}}